[INFO] cloning repository https://github.com/hsyoi/Ana
[INFO] running `Command { std: "git" "-c" "credential.helper=" "-c" "credential.helper=/workspace/cargo-home/bin/git-credential-null" "clone" "--bare" "https://github.com/hsyoi/Ana" "/workspace/cache/git-repos/https%3A%2F%2Fgithub.com%2Fhsyoi%2FAna", kill_on_drop: false }`
[INFO] [stderr] Cloning into bare repository '/workspace/cache/git-repos/https%3A%2F%2Fgithub.com%2Fhsyoi%2FAna'...
[INFO] running `Command { std: "git" "rev-parse" "HEAD", kill_on_drop: false }`
[INFO] [stdout] e4374fe52c891ea81ea25f794d008b131a8b01c7
[INFO] checking hsyoi/Ana against try#72f88fc4e9458f89516a0b8b0868f3718aec5b47 for pr-74989
[INFO] running `Command { std: "git" "clone" "/workspace/cache/git-repos/https%3A%2F%2Fgithub.com%2Fhsyoi%2FAna" "/workspace/builds/worker-8/source", kill_on_drop: false }`
[INFO] [stderr] Cloning into '/workspace/builds/worker-8/source'...
[INFO] [stderr] done.
[INFO] validating manifest of git repo https://github.com/hsyoi/Ana on toolchain 72f88fc4e9458f89516a0b8b0868f3718aec5b47
[INFO] running `Command { std: "/workspace/cargo-home/bin/cargo" "+72f88fc4e9458f89516a0b8b0868f3718aec5b47" "read-manifest" "--manifest-path" "Cargo.toml", kill_on_drop: false }`
[INFO] started tweaking git repo https://github.com/hsyoi/Ana
[INFO] finished tweaking git repo https://github.com/hsyoi/Ana
[INFO] tweaked toml for git repo https://github.com/hsyoi/Ana written to /workspace/builds/worker-8/source/Cargo.toml
[INFO] running `Command { std: "/workspace/cargo-home/bin/cargo" "+72f88fc4e9458f89516a0b8b0868f3718aec5b47" "generate-lockfile" "--manifest-path" "Cargo.toml" "-Zno-index-update", kill_on_drop: false }`
[INFO] [stderr]     Blocking waiting for file lock on package cache
[INFO] running `Command { std: "/workspace/cargo-home/bin/cargo" "+72f88fc4e9458f89516a0b8b0868f3718aec5b47" "fetch" "--locked" "--manifest-path" "Cargo.toml", kill_on_drop: false }`
[INFO] [stderr]     Blocking waiting for file lock on package cache
[INFO] [stderr]     Blocking waiting for file lock on package cache
[INFO] [stderr]  Downloading crates ...
[INFO] [stderr]   Downloaded which v4.0.2
[INFO] [stderr]   Downloaded protobuf-codegen v2.17.0
[INFO] [stderr]   Downloaded grpcio-compiler v0.5.0
[INFO] [stderr]   Downloaded protoc v2.17.0
[INFO] [stderr]   Downloaded cmake v0.1.44
[INFO] [stderr]   Downloaded protobuf v2.17.0
[INFO] [stderr]   Downloaded protoc-grpcio v1.2.0
[INFO] [stderr]   Downloaded liboj v0.2.3
[INFO] [stderr]   Downloaded grpcio v0.4.4
[INFO] [stderr]   Downloaded grpcio-sys v0.4.7
[INFO] running `Command { std: "docker" "create" "-v" "/var/lib/crater-agent-workspace/builds/worker-8/target:/opt/rustwide/target:rw,Z" "-v" "/var/lib/crater-agent-workspace/builds/worker-8/source:/opt/rustwide/workdir:ro,Z" "-v" "/var/lib/crater-agent-workspace/cargo-home:/opt/rustwide/cargo-home:ro,Z" "-v" "/var/lib/crater-agent-workspace/rustup-home:/opt/rustwide/rustup-home:ro,Z" "-e" "SOURCE_DIR=/opt/rustwide/workdir" "-e" "CARGO_TARGET_DIR=/opt/rustwide/target" "-e" "CARGO_HOME=/opt/rustwide/cargo-home" "-e" "RUSTUP_HOME=/opt/rustwide/rustup-home" "-w" "/opt/rustwide/workdir" "-m" "1610612736" "--user" "0:0" "--network" "none" "rustops/crates-build-env@sha256:d92eaeed33fa75130ca1ee6c8a01d1ffb62bac859dfdfb3450e3e5d1c0146529" "/opt/rustwide/cargo-home/bin/cargo" "+72f88fc4e9458f89516a0b8b0868f3718aec5b47" "metadata" "--no-deps" "--format-version=1", kill_on_drop: false }`
[INFO] [stdout] f633ca8c064bc4566cdcb569de4b72682ffba18fd7817d967f19152ca694a276
[INFO] [stderr] WARNING: Your kernel does not support swap limit capabilities or the cgroup is not mounted. Memory limited without swap.
[INFO] running `Command { std: "docker" "start" "-a" "f633ca8c064bc4566cdcb569de4b72682ffba18fd7817d967f19152ca694a276", kill_on_drop: false }`
[INFO] running `Command { std: "docker" "inspect" "f633ca8c064bc4566cdcb569de4b72682ffba18fd7817d967f19152ca694a276", kill_on_drop: false }`
[INFO] running `Command { std: "docker" "rm" "-f" "f633ca8c064bc4566cdcb569de4b72682ffba18fd7817d967f19152ca694a276", kill_on_drop: false }`
[INFO] [stdout] f633ca8c064bc4566cdcb569de4b72682ffba18fd7817d967f19152ca694a276
[INFO] running `Command { std: "docker" "create" "-v" "/var/lib/crater-agent-workspace/builds/worker-8/target:/opt/rustwide/target:rw,Z" "-v" "/var/lib/crater-agent-workspace/builds/worker-8/source:/opt/rustwide/workdir:ro,Z" "-v" "/var/lib/crater-agent-workspace/cargo-home:/opt/rustwide/cargo-home:ro,Z" "-v" "/var/lib/crater-agent-workspace/rustup-home:/opt/rustwide/rustup-home:ro,Z" "-e" "SOURCE_DIR=/opt/rustwide/workdir" "-e" "CARGO_TARGET_DIR=/opt/rustwide/target" "-e" "CARGO_INCREMENTAL=0" "-e" "RUST_BACKTRACE=full" "-e" "RUSTFLAGS=--cap-lints=forbid" "-e" "CARGO_HOME=/opt/rustwide/cargo-home" "-e" "RUSTUP_HOME=/opt/rustwide/rustup-home" "-w" "/opt/rustwide/workdir" "-m" "1610612736" "--user" "0:0" "--network" "none" "rustops/crates-build-env@sha256:d92eaeed33fa75130ca1ee6c8a01d1ffb62bac859dfdfb3450e3e5d1c0146529" "/opt/rustwide/cargo-home/bin/cargo" "+72f88fc4e9458f89516a0b8b0868f3718aec5b47" "check" "--frozen" "--all" "--all-targets" "--message-format=json", kill_on_drop: false }`
[INFO] [stdout] 9019824c6859c83eef76aa8229bab7e6063a2693670029f45c4931ed5759dcb3
[INFO] [stderr] WARNING: Your kernel does not support swap limit capabilities or the cgroup is not mounted. Memory limited without swap.
[INFO] running `Command { std: "docker" "start" "-a" "9019824c6859c83eef76aa8229bab7e6063a2693670029f45c4931ed5759dcb3", kill_on_drop: false }`
[INFO] [stderr]    Compiling libc v0.2.77
[INFO] [stderr]    Compiling proc-macro2 v1.0.21
[INFO] [stderr]    Compiling syn v1.0.41
[INFO] [stderr]    Compiling getrandom v0.1.15
[INFO] [stderr]    Compiling serde_derive v1.0.116
[INFO] [stderr]    Compiling protobuf v2.17.0
[INFO] [stderr]    Compiling version_check v0.1.5
[INFO] [stderr]    Compiling proc-macro2 v0.4.30
[INFO] [stderr]    Compiling unicode-xid v0.1.0
[INFO] [stderr]    Compiling bindgen v0.49.4
[INFO] [stderr]    Compiling itoa v0.4.6
[INFO] [stderr]    Compiling nix v0.14.1
[INFO] [stderr]     Checking remove_dir_all v0.5.3
[INFO] [stderr]     Checking ansi_term v0.11.0
[INFO] [stderr]     Checking strsim v0.8.0
[INFO] [stderr]     Checking vec_map v0.8.2
[INFO] [stderr]    Compiling miniz_oxide v0.4.2
[INFO] [stderr]    Compiling libloading v0.5.2
[INFO] [stderr]    Compiling cmake v0.1.44
[INFO] [stderr]    Compiling clang-sys v0.28.1
[INFO] [stderr]     Checking textwrap v0.11.0
[INFO] [stderr]     Checking log v0.4.11
[INFO] [stderr]    Compiling ryu v1.0.5
[INFO] [stderr]    Compiling fxhash v0.2.1
[INFO] [stderr]    Compiling nom v4.2.3
[INFO] [stderr]    Compiling grpcio-sys v0.4.7
[INFO] [stderr]    Compiling quote v1.0.7
[INFO] [stderr]    Compiling quote v0.6.13
[INFO] [stderr]    Compiling atty v0.2.14
[INFO] [stderr]    Compiling backtrace v0.3.50
[INFO] [stderr]     Checking rand_os v0.1.3
[INFO] [stderr]    Compiling clap v2.33.3
[INFO] [stderr]    Compiling env_logger v0.6.2
[INFO] [stderr]    Compiling cexpr v0.3.6
[INFO] [stderr]     Checking rand_core v0.5.1
[INFO] [stderr]     Checking rand v0.6.5
[INFO] [stderr]     Checking rand_chacha v0.2.2
[INFO] [stderr]     Checking rand v0.7.3
[INFO] [stderr]     Checking uuid v0.7.4
[INFO] [stderr]     Checking tempfile v3.1.0
[INFO] [stderr]    Compiling synstructure v0.12.4
[INFO] [stderr]    Compiling protobuf-codegen v2.17.0
[INFO] [stderr]    Compiling grpcio-compiler v0.5.0
[INFO] [stderr]    Compiling failure_derive v0.1.8
[INFO] [stderr]    Compiling thiserror-impl v1.0.20
[INFO] [stderr]    Compiling failure v0.1.8
[INFO] [stderr]    Compiling which v2.0.1
[INFO] [stderr]    Compiling thiserror v1.0.20
[INFO] [stderr]    Compiling which v4.0.2
[INFO] [stderr]    Compiling protoc v2.17.0
[INFO] [stderr]    Compiling protoc-grpcio v1.2.0
[INFO] [stderr]    Compiling ana v0.9.3 (/opt/rustwide/workdir)
[INFO] [stderr]    Compiling serde v1.0.116
[INFO] [stderr] error: failed to run custom build command for `ana v0.9.3 (/opt/rustwide/workdir)`
[INFO] [stderr] 
[INFO] [stderr] Caused by:
[INFO] [stderr]   process didn't exit successfully: `/opt/rustwide/target/debug/build/ana-5228caaf1be45422/build-script-build` (exit code: 101)
[INFO] [stderr]   --- stdout
[INFO] [stderr]   cargo:rerun-if-changed=/src/rpc/rpc.proto
[INFO] [stderr] 
[INFO] [stderr]   --- stderr
[INFO] [stderr]   thread 'main' panicked at 'Failed to compile proto: Os { code: 30, kind: Other, message: "Read-only file system" }
[INFO] [stderr] 
[INFO] [stderr]      0: failure::backtrace::internal::InternalBacktrace::new
[INFO] [stderr]                at /opt/rustwide/cargo-home/registry/src/github.com-1ecc6299db9ec823/failure-0.1.8/src/backtrace/internal.rs:46
[INFO] [stderr]      1: failure::backtrace::Backtrace::new
[INFO] [stderr]                at /opt/rustwide/cargo-home/registry/src/github.com-1ecc6299db9ec823/failure-0.1.8/src/backtrace/mod.rs:121
[INFO] [stderr]      2: <failure::error::error_impl::ErrorImpl as core::convert::From<F>>::from
[INFO] [stderr]                at /opt/rustwide/cargo-home/registry/src/github.com-1ecc6299db9ec823/failure-0.1.8/src/error/error_impl.rs:19
[INFO] [stderr]      3: <failure::error::Error as core::convert::From<F>>::from
[INFO] [stderr]                at /opt/rustwide/cargo-home/registry/src/github.com-1ecc6299db9ec823/failure-0.1.8/src/error/mod.rs:36
[INFO] [stderr]      4: <T as core::convert::Into<U>>::into
[INFO] [stderr]                at /rustc/72f88fc4e9458f89516a0b8b0868f3718aec5b47/library/core/src/convert/mod.rs:545
[INFO] [stderr]      5: failure::context::Context<D>::with_err
[INFO] [stderr]                at /opt/rustwide/cargo-home/registry/src/github.com-1ecc6299db9ec823/failure-0.1.8/src/context.rs:105
[INFO] [stderr]      6: failure::Fail::context
[INFO] [stderr]                at /opt/rustwide/cargo-home/registry/src/github.com-1ecc6299db9ec823/failure-0.1.8/src/lib.rs:160
[INFO] [stderr]      7: <core::result::Result<T,E> as failure::result_ext::ResultExt<T,E>>::context::{{closure}}
[INFO] [stderr]                at /opt/rustwide/cargo-home/registry/src/github.com-1ecc6299db9ec823/failure-0.1.8/src/result_ext.rs:164
[INFO] [stderr]      8: core::result::Result<T,E>::map_err
[INFO] [stderr]                at /rustc/72f88fc4e9458f89516a0b8b0868f3718aec5b47/library/core/src/result.rs:595
[INFO] [stderr]      9: <core::result::Result<T,E> as failure::result_ext::ResultExt<T,E>>::context
[INFO] [stderr]                at /opt/rustwide/cargo-home/registry/src/github.com-1ecc6299db9ec823/failure-0.1.8/src/result_ext.rs:164
[INFO] [stderr]     10: protoc_grpcio::write_out_generated_files
[INFO] [stderr]                at /opt/rustwide/cargo-home/registry/src/github.com-1ecc6299db9ec823/protoc-grpcio-1.2.0/src/lib.rs:91
[INFO] [stderr]     11: protoc_grpcio::compile_grpc_protos
[INFO] [stderr]                at /opt/rustwide/cargo-home/registry/src/github.com-1ecc6299db9ec823/protoc-grpcio-1.2.0/src/lib.rs:260
[INFO] [stderr]     12: build_script_build::build_proto
[INFO] [stderr]                at build.rs:16
[INFO] [stderr]     13: build_script_build::main
[INFO] [stderr]                at build.rs:7
[INFO] [stderr]     14: core::ops::function::FnOnce::call_once
[INFO] [stderr]                at /rustc/72f88fc4e9458f89516a0b8b0868f3718aec5b47/library/core/src/ops/function.rs:227
[INFO] [stderr]     15: std::sys_common::backtrace::__rust_begin_short_backtrace
[INFO] [stderr]                at /rustc/72f88fc4e9458f89516a0b8b0868f3718aec5b47/library/std/src/sys_common/backtrace.rs:137
[INFO] [stderr]     16: std::rt::lang_start::{{closure}}
[INFO] [stderr]                at /rustc/72f88fc4e9458f89516a0b8b0868f3718aec5b47/library/std/src/rt.rs:66
[INFO] [stderr]     17: core::ops::function::impls::<impl core::ops::function::FnOnce<A> for &F>::call_once
[INFO] [stderr]                at /rustc/72f88fc4e9458f89516a0b8b0868f3718aec5b47/library/core/src/ops/function.rs:259
[INFO] [stderr]         std::panicking::try::do_call
[INFO] [stderr]                at /rustc/72f88fc4e9458f89516a0b8b0868f3718aec5b47/library/std/src/panicking.rs:381
[INFO] [stderr]         std::panicking::try
[INFO] [stderr]                at /rustc/72f88fc4e9458f89516a0b8b0868f3718aec5b47/library/std/src/panicking.rs:345
[INFO] [stderr]         std::panic::catch_unwind
[INFO] [stderr]                at /rustc/72f88fc4e9458f89516a0b8b0868f3718aec5b47/library/std/src/panic.rs:382
[INFO] [stderr]         std::rt::lang_start_internal
[INFO] [stderr]                at /rustc/72f88fc4e9458f89516a0b8b0868f3718aec5b47/library/std/src/rt.rs:51
[INFO] [stderr]     18: std::rt::lang_start
[INFO] [stderr]                at /rustc/72f88fc4e9458f89516a0b8b0868f3718aec5b47/library/std/src/rt.rs:65
[INFO] [stderr]     19: main
[INFO] [stderr]     20: __libc_start_main
[INFO] [stderr]     21: _start
[INFO] [stderr] 
[INFO] [stderr] 
[INFO] [stderr]   failed to create "src/rpc/rpc_grpc.rs"
[INFO] [stderr] 
[INFO] [stderr]   failed to write generated grpc definitions', build.rs:22:6
[INFO] [stderr]   stack backtrace:
[INFO] [stderr]      0:     0x55df844b9530 - std::backtrace_rs::backtrace::libunwind::trace::h452faf99f32e7c93
[INFO] [stderr]                                  at /rustc/72f88fc4e9458f89516a0b8b0868f3718aec5b47/library/std/src/../../backtrace/src/backtrace/libunwind.rs:96
[INFO] [stderr]      1:     0x55df844b9530 - std::backtrace_rs::backtrace::trace_unsynchronized::he40edc71437667a1
[INFO] [stderr]                                  at /rustc/72f88fc4e9458f89516a0b8b0868f3718aec5b47/library/std/src/../../backtrace/src/backtrace/mod.rs:66
[INFO] [stderr]      2:     0x55df844b9530 - std::sys_common::backtrace::_print_fmt::h6c51d6ade71f46bf
[INFO] [stderr]                                  at /rustc/72f88fc4e9458f89516a0b8b0868f3718aec5b47/library/std/src/sys_common/backtrace.rs:79
[INFO] [stderr]      3:     0x55df844b9530 - <std::sys_common::backtrace::_print::DisplayBacktrace as core::fmt::Display>::fmt::h3cd15d7003dec37a
[INFO] [stderr]                                  at /rustc/72f88fc4e9458f89516a0b8b0868f3718aec5b47/library/std/src/sys_common/backtrace.rs:58
[INFO] [stderr]      4:     0x55df844de3ec - core::fmt::write::h1857a60b204f1b6a
[INFO] [stderr]                                  at /rustc/72f88fc4e9458f89516a0b8b0868f3718aec5b47/library/core/src/fmt/mod.rs:1080
[INFO] [stderr]      5:     0x55df844b6a57 - std::io::Write::write_fmt::hac61caff894c35ae
[INFO] [stderr]                                  at /rustc/72f88fc4e9458f89516a0b8b0868f3718aec5b47/library/std/src/io/mod.rs:1517
[INFO] [stderr]      6:     0x55df844bb750 - std::sys_common::backtrace::_print::haa2f390fb7957e3e
[INFO] [stderr]                                  at /rustc/72f88fc4e9458f89516a0b8b0868f3718aec5b47/library/std/src/sys_common/backtrace.rs:61
[INFO] [stderr]      7:     0x55df844bb750 - std::sys_common::backtrace::print::h48c7cbbad9013bb1
[INFO] [stderr]                                  at /rustc/72f88fc4e9458f89516a0b8b0868f3718aec5b47/library/std/src/sys_common/backtrace.rs:48
[INFO] [stderr]      8:     0x55df844bb750 - std::panicking::default_hook::{{closure}}::h8b7ff05a31e71d55
[INFO] [stderr]                                  at /rustc/72f88fc4e9458f89516a0b8b0868f3718aec5b47/library/std/src/panicking.rs:208
[INFO] [stderr]      9:     0x55df844bb49c - std::panicking::default_hook::h2f00c78800d98e4c
[INFO] [stderr]                                  at /rustc/72f88fc4e9458f89516a0b8b0868f3718aec5b47/library/std/src/panicking.rs:227
[INFO] [stderr]     10:     0x55df844bbdb3 - std::panicking::rust_panic_with_hook::h4eaa635e4694aef3
[INFO] [stderr]                                  at /rustc/72f88fc4e9458f89516a0b8b0868f3718aec5b47/library/std/src/panicking.rs:577
[INFO] [stderr]     11:     0x55df844bb989 - std::panicking::begin_panic_handler::{{closure}}::hec242f1b136b5ff2
[INFO] [stderr]                                  at /rustc/72f88fc4e9458f89516a0b8b0868f3718aec5b47/library/std/src/panicking.rs:484
[INFO] [stderr]     12:     0x55df844b999c - std::sys_common::backtrace::__rust_end_short_backtrace::h1f3cc383ee6c0374
[INFO] [stderr]                                  at /rustc/72f88fc4e9458f89516a0b8b0868f3718aec5b47/library/std/src/sys_common/backtrace.rs:153
[INFO] [stderr]     13:     0x55df844bb949 - rust_begin_unwind
[INFO] [stderr]                                  at /rustc/72f88fc4e9458f89516a0b8b0868f3718aec5b47/library/std/src/panicking.rs:483
[INFO] [stderr]     14:     0x55df844dc2c1 - core::panicking::panic_fmt::hb15d6f55e8472f62
[INFO] [stderr]                                  at /rustc/72f88fc4e9458f89516a0b8b0868f3718aec5b47/library/core/src/panicking.rs:85
[INFO] [stderr]     15:     0x55df844dc0e3 - core::option::expect_none_failed::he492a18657d97593
[INFO] [stderr]                                  at /rustc/72f88fc4e9458f89516a0b8b0868f3718aec5b47/library/core/src/option.rs:1221
[INFO] [stderr]     16:     0x55df84119401 - core::result::Result<T,E>::expect::h6ac46f697a1c7b8d
[INFO] [stderr]                                  at /rustc/72f88fc4e9458f89516a0b8b0868f3718aec5b47/library/core/src/result.rs:933
[INFO] [stderr]     17:     0x55df8411af2d - build_script_build::build_proto::hedeb3caad13d799c
[INFO] [stderr]                                  at /opt/rustwide/workdir/build.rs:16
[INFO] [stderr]     18:     0x55df8411adbb - build_script_build::main::hc9f0fd512e6f0ee9
[INFO] [stderr]                                  at /opt/rustwide/workdir/build.rs:7
[INFO] [stderr]     19:     0x55df84111c3b - core::ops::function::FnOnce::call_once::h9e1e1f17809ef0d0
[INFO] [stderr]                                  at /rustc/72f88fc4e9458f89516a0b8b0868f3718aec5b47/library/core/src/ops/function.rs:227
[INFO] [stderr]     20:     0x55df8411d0ae - std::sys_common::backtrace::__rust_begin_short_backtrace::h50989314cb9e5ee4
[INFO] [stderr]                                  at /rustc/72f88fc4e9458f89516a0b8b0868f3718aec5b47/library/std/src/sys_common/backtrace.rs:137
[INFO] [stderr]     21:     0x55df8411a391 - std::rt::lang_start::{{closure}}::h5228fd8663f81a3b
[INFO] [stderr]                                  at /rustc/72f88fc4e9458f89516a0b8b0868f3718aec5b47/library/std/src/rt.rs:66
[INFO] [stderr]     22:     0x55df844bc1b1 - core::ops::function::impls::<impl core::ops::function::FnOnce<A> for &F>::call_once::hecc21eb9018cc197
[INFO] [stderr]                                  at /rustc/72f88fc4e9458f89516a0b8b0868f3718aec5b47/library/core/src/ops/function.rs:259
[INFO] [stderr]     23:     0x55df844bc1b1 - std::panicking::try::do_call::h174ad655d084b5c7
[INFO] [stderr]                                  at /rustc/72f88fc4e9458f89516a0b8b0868f3718aec5b47/library/std/src/panicking.rs:381
[INFO] [stderr]     24:     0x55df844bc1b1 - std::panicking::try::h479e6054ce28de10
[INFO] [stderr]                                  at /rustc/72f88fc4e9458f89516a0b8b0868f3718aec5b47/library/std/src/panicking.rs:345
[INFO] [stderr]     25:     0x55df844bc1b1 - std::panic::catch_unwind::hb558ddea2b3e9c45
[INFO] [stderr]                                  at /rustc/72f88fc4e9458f89516a0b8b0868f3718aec5b47/library/std/src/panic.rs:382
[INFO] [stderr]     26:     0x55df844bc1b1 - std::rt::lang_start_internal::h163149047f0a8b61
[INFO] [stderr]                                  at /rustc/72f88fc4e9458f89516a0b8b0868f3718aec5b47/library/std/src/rt.rs:51
[INFO] [stderr]     27:     0x55df8411a367 - std::rt::lang_start::h92db7f8375c290b9
[INFO] [stderr]                                  at /rustc/72f88fc4e9458f89516a0b8b0868f3718aec5b47/library/std/src/rt.rs:65
[INFO] [stderr]     28:     0x55df8411af7a - main
[INFO] [stderr]     29:     0x7f957ab7b0b3 - __libc_start_main
[INFO] [stderr]     30:     0x55df8410b0ce - _start
[INFO] [stderr]     31:                0x0 - <unknown>
[INFO] [stderr] warning: build failed, waiting for other jobs to finish...
[INFO] [stderr] error: build failed
[INFO] running `Command { std: "docker" "inspect" "9019824c6859c83eef76aa8229bab7e6063a2693670029f45c4931ed5759dcb3", kill_on_drop: false }`
[INFO] running `Command { std: "docker" "rm" "-f" "9019824c6859c83eef76aa8229bab7e6063a2693670029f45c4931ed5759dcb3", kill_on_drop: false }`
[INFO] [stdout] 9019824c6859c83eef76aa8229bab7e6063a2693670029f45c4931ed5759dcb3
